010482?
4
What is the hundreds digit of 1096254?
2
What is the tens digit of 204446?
4
What is the thousands digit of 214426?
4
What is the hundreds digit of 222969?
9
What is the thousands digit of 31155014?
5
What is the tens digit of 3766868?
6
What is the units digit of 34120145?
5
What is the ten thousands digit of 676647?
7
What is the tens digit of 2973119?
1
What is the units digit of 346830?
0
What is the units digit of 25567511?
1
What is the tens digit of 16745?
4
What is the hundred thousands digit of 4854329?
8
What is the hundreds digit of 668058?
0
What is the hundreds digit of 2581953?
9
What is the units digit of 419534?
4
What is the units digit of 5621150?
0
What is the tens digit of 79421?
2
What is the hundreds digit of 7145704?
7
What is the ten millions digit of 33196518?
3
What is the tens digit of 777024?
2
What is the thousands digit of 5612481?
2
What is the hundreds digit of 1950296?
2
What is the hundreds digit of 885915?
9
What is the ten thousands digit of 1368143?
6
What is the hundreds digit of 10089921?
9
What is the thousands digit of 12998955?
8
What is the thousands digit of 241941?
1
What is the hundreds digit of 353667?
6
What is the ten thousands digit of 3395801?
9
What is the hundred thousands digit of 15586650?
5
What is the tens digit of 133745?
4
What is the millions digit of 21893928?
1
What is the tens digit of 15279?
7
What is the thousands digit of 150675?
0
What is the hundred thousands digit of 229136?
2
What is the hundreds digit of 38284074?
0
What is the ten thousands digit of 621000?
2
What is the hundreds digit of 185358?
3
What is the tens digit of 9213402?
0
What is the hundred thousands digit of 934524?
9
What is the thousands digit of 1365914?
5
What is the hundreds digit of 319733?
7
What is the thousands digit of 1331172?
1
What is the ten thousands digit of 177062?
7
What is the units digit of 871?
1
What is the ten thousands digit of 14513108?
1
What is the tens digit of 203491?
9
What is the units digit of 10280913?
3
What is the ten thousands digit of 3828063?
2
What is the hundred thousands digit of 2249960?
2
What is the thousands digit of 1428678?
8
What is the tens digit of 2895239?
3
What is the tens digit of 1895985?
8
What is the units digit of 659090?
0
What is the thousands digit of 8455889?
5
What is the tens digit of 53437?
3
What is the ten thousands digit of 282453?
8
What is the thousands digit of 1130?
1
What is the tens digit of 18990575?
7
What is the tens digit of 154154?
5
What is the tens digit of 1742146?
4
What is the units digit of 386488?
8
What is the thousands digit of 656644?
6
What is the hundred thousands digit of 9122044?
1
What is the thousands digit of 182115?
2
What is the millions digit of 1040245?
1
What is the tens digit of 1942222?
2
What is the thousands digit of 1089807?
9
What is the tens digit of 28536?
3
What is the hundreds digit of 3655?
6
What is the units digit of 155481?
1
What is the tens digit of 4584501?
0
What is the hundreds digit of 63315?
3
What is the ten thousands digit of 636661?
3
What is the tens digit of 859122?
2
What is the millions digit of 11391651?
1
What is the hundreds digit of 475014?
0
What is the hundreds digit of 4871151?
1
What is the ten thousands digit of 142053?
4
What is the hundreds digit of 25540627?
6
What is the hundreds digit of 394678?
6
What is the units digit of 1673615?
5
What is the hundred thousands digit of 2501936?
5
What is the hundreds digit of 40739265?
2
What is the tens digit of 293372?
7
What is the units digit of 397182?
2
What is the ten thousands digit of 158701?
5
What is the hundreds digit of 238235?
2
What is the thousands digit of 63546?
3
What is the ten thousands digit of 5997174?
9
What is the ten thousands digit of 2044377?
4
What is the ten thousands digit of 1993884?
9
What is the hundreds digit of 231605?
6
What is the ten thousands digit of 98577?
9
What is the ten thousands digit of 1815192?
1
What is the hundred thousands digit of 185329?
1
What is the tens digit of 9969869?
6
What is the ten thousands digit of 680325?
8
What is the hundreds digit of 171629?
6
What is the millions digit of 35176231?
5
What is the hundred thousands digit of 715619?
7
What is the ten thousands digit of 6866233?
6
What is the millions digit of 2476649?
2
What is the hundred thousands digit of 164293?
1
What is the units digit of 10294916?
6
What is the tens digit of 174230?
3
What is the thousands digit of 707840?
7
What is the hundreds digit of 23118118?
1
What is the tens digit of 1101818?
1
What is the thousands digit of 196505?
6
What is the tens digit of 224654?
5
What is the tens digit of 95093?
9
What is the hundreds digit of 5013824?
8
What is the ten thousands digit of 2860262?
6
What is the ten thousands digit of 4053076?
5
What is the ten thousands digit of 1405399?
0
What is the tens digit of 20434157?
5
What is the thousands digit of 74818?
4
What is the units digit of 411504?
4
What is the tens digit of 380174?
7
What is the ten thousands digit of 341512?
4
What is the thousands digit of 4014947?
4
What is the hundred thousands digit of 32110914?
1
What is the units digit of 605028?
8
What is the thousands digit of 18897101?
7
What is the units digit of 2297766?
6
What is the units digit of 1828333?
3
What is the units digit of 1734579?
9
What is the hundreds digit of 169711?
7
What is the thousands digit of 5299917?
9
What is the tens digit of 344547?
4
What is the millions digit of 24288233?
4
What is the ten thousands digit of 1505904?
0
What is the tens digit of 481438?
3
What is the hundred thousands digit of 229331?
2
What is the ten thousands digit of 486849?
8
What is the thousands digit of 2667260?
7
What is the hundred thousands digit of 183565?
1
What is the hundreds digit of 727553?
5
What is the thousands digit of 275937?
5
What is the thousands digit of 2201598?
1
What is the thousands digit of 4166948?
6
What is the units digit of 73173?
3
What is the thousands digit of 1841392?
1
What is the units digit of 3099884?
4
What is the hundred thousands digit of 489051?
4
What is the units digit of 672067?
7
What is the units digit of 11362637?
7
What is the tens digit of 7242801?
0
What is the ten thousands digit of 114697?
1
What is the millions digit of 30992654?
0
What is the millions digit of 5372995?
5
What is the ten millions digit of 29926672?
2
What is the ten thousands digit of 60830?
6
What is the ten thousands digit of 1699326?
9
What is the hundreds digit of 33114238?
2
What is the hundreds digit of 6341335?
3
What is the ten thousands digit of 11780345?
8
What is the units digit of 315698?
8
What is the ten thousands digit of 146649?
4
What is the thousands digit of 187861?
7
What is the hundreds digit of 13625387?
3
What is the ten thousands digit of 208141?
0
What is the tens digit of 286247?
4
What is the tens digit of 613536?
3
What is the thousands digit of 225306?
5
What is the ten thousands digit of 723188?
2
What is the units digit of 87567?
7
What is the hundred thousands digit of 345935?
3
What is the tens digit of 247379?
7
What is the thousands digit of 310587?
0
What is the thousands digit of 29813485?
3
What is the ten thousands digit of 904506?
0
What is the millions digit of 6058171?
6
What is the units digit of 1334252?
2
What is the ten thousands digit of 116338?
1
What is the units digit of 923817?
7
What is the hundreds digit of 90646?
6
What is the hundred thousands digit of 259540?
2
What is the units digit of 170142?
2
What is the tens digit of 2038051?
5
What is the hundreds digit of 262812?
8
What is the millions digit of 25080988?
5
What is the hundred thousands digit of 515441?
5
What is the thousands digit of 7711875?
1
What is the ten thousands digit of 214377?
1
What is the thousands digit of 35748796?
8
What is the thousands digit of 53881?
3
What is the units digit of 1576383?
3
What is the units digit of 6664784?
4
What is the millions digit of 5908633?
5
What is the hundred thousands digit of 25858006?
8
What is the thousands digit of 452158?
2
What is the tens digit of 435430?
3
What is the ten thousands digit of 15105695?
0
What is the tens digit of 231371?
7
What is the thousands digit of 2246177?
6
What is the